{"id":52,"date":"2025-02-13T15:55:15","date_gmt":"2025-02-13T14:55:15","guid":{"rendered":"https:\/\/oefn-wien.eckhel.at\/?page_id=52"},"modified":"2025-02-15T10:46:07","modified_gmt":"2025-02-15T09:46:07","slug":"vin-4","status":"publish","type":"page","link":"https:\/\/oefn-wien.eckhel.at\/?page_id=52","title":{"rendered":"VIN 23"},"content":{"rendered":"\n<div class=\"wp-block-columns is-layout-flex wp-container-core-columns-is-layout-9d6595d7 wp-block-columns-is-layout-flex\">\n<div class=\"wp-block-column is-vertically-aligned-center is-layout-flow wp-block-column-is-layout-flow\">\n<p><br>MARTIN BAER, WOLFGANG FISCHER-BOSSERT und NIKOLAUS SCHINDEL (Hgg.)<br>Cista mystica. Festschrift f\u00fcr Wolfgang Szaivert.<br>Wien 2020, ISBN 978-3-9504268-2-3,\u00a0Format 21,5 x 30,5 cm \u2013 607 Seiten.<br>\u20ac 78,00<\/p>\n\n\n\n<p>Bestellen Sie bitte bei der <a href=\"mailto:oefn.numismatik@univie.ac.at\">\u00d6FN <\/a>oder dem <a href=\"mailto:numismatik@uniiive.ac.at\">Institut<\/a>.<\/p>\n\n\n\n<p><\/p>\n\n\n\n<p><\/p>\n\n\n\n<p><\/p>\n\n\n\n<p><\/p>\n\n\n\n<p><\/p>\n\n\n\n<p><\/p>\n\n\n\n<p><\/p>\n\n\n\n<p><\/p>\n\n\n\n<p><\/p>\n\n\n\n<p><\/p>\n\n\n\n<p><\/p>\n\n\n\n<p><\/p>\n<\/div>\n\n\n\n<div class=\"wp-block-column is-layout-flow wp-block-column-is-layout-flow\">\n<figure class=\"wp-block-image size-full is-resized\"><img fetchpriority=\"high\" decoding=\"async\" width=\"1808\" height=\"2560\" src=\"http:\/\/oefn-wien.eckhel.at\/wp-content\/uploads\/2025\/02\/VIN_23-scaled.jpg\" alt=\"\" class=\"wp-image-324\" style=\"width:615px;height:auto\" srcset=\"https:\/\/oefn-wien.eckhel.at\/wp-content\/uploads\/2025\/02\/VIN_23-scaled.jpg 1808w, https:\/\/oefn-wien.eckhel.at\/wp-content\/uploads\/2025\/02\/VIN_23-212x300.jpg 212w, https:\/\/oefn-wien.eckhel.at\/wp-content\/uploads\/2025\/02\/VIN_23-723x1024.jpg 723w, https:\/\/oefn-wien.eckhel.at\/wp-content\/uploads\/2025\/02\/VIN_23-768x1088.jpg 768w, https:\/\/oefn-wien.eckhel.at\/wp-content\/uploads\/2025\/02\/VIN_23-1085x1536.jpg 1085w, https:\/\/oefn-wien.eckhel.at\/wp-content\/uploads\/2025\/02\/VIN_23-1446x2048.jpg 1446w\" sizes=\"(max-width: 1808px) 100vw, 1808px\" \/><\/figure>\n<\/div>\n<\/div>\n\n\n\n<figure class=\"wp-block-table\"><table><tbody><tr><td><strong>Michel Amandry<\/strong><\/td><td>Le d\u00e9p\u00f4t august\u00e9en des Roches-Noires \u00e0 Casablanca, 1926<\/td><\/tr><tr><td><strong>Martin Baer<\/strong><\/td><td>Erneute Stempelstudie zur Restitutionspr\u00e4gung der Kaiser Marcus Aurelius und Lucius Verus<\/td><\/tr><tr><td><strong>Michael Beckers<\/strong><\/td><td>Eine Medaille des J.C. Reich von 1782 auf die von Josef II. gew\u00e4hrte Toleranz<\/td><\/tr><tr><td><strong>Anna Fabiankowitsch<\/strong><\/td><td>Maria Theresia im Medaillenportr\u00e4t<\/td><\/tr><tr><td>Wolfgang Fischer-Bossert<\/td><td>Ein karisches Monster<\/td><\/tr><tr><td><strong>Elmar Fr\u00f6schl<\/strong><\/td><td>Das KEM-Ding<\/td><\/tr><tr><td><strong>Michael G\u00f6bl und Heinz Winter<\/strong><\/td><td>Die \u201eDedikationsmedaille\u201c der Stadt N\u00fcrnberg f\u00fcr Karl V. aus 1521. Das Wappenprogramm<\/td><\/tr><tr><td><strong>Johannes Hartner<\/strong><\/td><td>Neue Kremser Pfennige. Motivwanderungen zwischen \u00d6sterreich und B\u00f6hmen um die Mitte des 12. Jahrhunderts<\/td><\/tr><tr><td><strong>Norbert Helmwein<\/strong><\/td><td>Der Reiz steckt im Detail. Eine goldene Verdienstmedaille zu 15 Dukaten, deren Gravur eine bewegte und erfolgreiche Lebensgeschichte offenbart<\/td><\/tr><tr><td><strong>Wilhelm Hollstein<\/strong><\/td><td>Pilleus und R\u2022CC. Zum Verst\u00e4ndnis der Quadranten des Caligula<\/td><\/tr><tr><td>Michael Hollunder und Nikolaus Schindel<\/td><td>Noch eine osmanische Petitesse<\/td><\/tr><tr><td><strong>Stefan Karwiese<\/strong><\/td><td>Ephesia, Chariten und Auguren: Querverbindungen<\/td><\/tr><tr><td><strong>Robert Keck und Wolfgang Hahn<\/strong><\/td><td>Die administrativen Beizeichen in der aksumitischen M\u00fcnzpr\u00e4gung \u2013 ein Erkl\u00e4rungsversuch<\/td><\/tr><tr><td><strong>Simone Killen<\/strong><\/td><td>Hafen, Forum oder Poseidonheiligtum? Zu einem seltenen Reverstypus aus Korinth<\/td><\/tr><tr><td><strong>Johannes Noll\u00e9<\/strong><\/td><td>Two Birds Heading for Rome: How to Interpret the So-called Augurium Romuli<\/td><\/tr><tr><td><strong>Bernhard Prokisch<\/strong><\/td><td>Die Medaillen und Abzeichen des 23. Internationalen Eucharistischen Kongresses in Wien 1912<\/td><\/tr><tr><td><strong>Reinhold Rieder<\/strong><\/td><td>Die Medaillen des \u201eNieder\u00f6sterreichischen Landesschie\u00dfens\u201c<\/td><\/tr><tr><td><strong>Nikolaus Schindel<\/strong><\/td><td>Die Minimuspr\u00e4gung des Kaisers Zeno (474\u2013475, 476\u2013491) unter Einschluss des Basiliscus samt Familie (475\u2013476) sowie des Leontius (484\u2013488)<\/td><\/tr><tr><td><strong>Alexander Schwab-Trau<\/strong><\/td><td>Forschung zur Provenienz antiker M\u00fcnzen im ausgehenden 19. Jahrhundert anhand eines Offertschreibens an den Wiener Sammler Franz Trau sen.<\/td><\/tr><tr><td><strong>Kathrin Siegl<\/strong><\/td><td>Nachtrag zu Moneta Imperii Romani Band 18: Die Medaillons des Commodus<\/td><\/tr><tr><td><strong>Fabrizio Sinisi<\/strong><\/td><td>The last Arsacid tetradrachms<\/td><\/tr><tr><td><strong>Edith Specht<\/strong><\/td><td>Miniaturmedaillen aus der Zeit des Wiener Kongresses<\/td><\/tr><tr><td><strong>Klaus Vondrovec<\/strong><\/td><td>Zur Typenverteilung im Buntmetall zwischen 378 und 383 n. Chr. im \u00f6sterreichischen Fundmaterial<\/td><\/tr><tr><td><strong>Herfried E. Wagner<\/strong><\/td><td>Der Medailleur Karl Perl. Ein Ritter des Wiener Urschlaraffenreyches Am sch\u00f6nen Bronnen<\/td><\/tr><tr><td><strong>Marc Philipp Wahl<\/strong><\/td><td>Der wasserspeiende Flussgott von Hyllarima (?)<\/td><\/tr><tr><td><strong>Daniela Williams<\/strong><\/td><td>Early modern casts of ancient coins. A preliminary study of a recently identified Visconti set<\/td><\/tr><tr><td><strong>Reinhard Wolters<\/strong><\/td><td>Iudaea Recepta?<\/td><\/tr><tr><td><strong>Bernhard Woytek<\/strong><\/td><td>Caligula, der Pegasus und das Wunderkind. Zu einem fr\u00fchneuzeitlichen Aureus mit der Legende VICTORIA DE GERM<\/td><\/tr><\/tbody><\/table><\/figure>\n","protected":false},"excerpt":{"rendered":"<p>MARTIN BAER, WOLFGANG FISCHER-BOSSERT und NIKOLAUS SCHINDEL (Hgg.)Cista mystica. Festschrift f\u00fcr Wolfgang Szaivert.Wien 2020, ISBN 978-3-9504268-2-3,\u00a0Format 21,5 x 30,5 cm \u2013 607 Seiten.\u20ac 78,00 Bestellen Sie bitte bei der \u00d6FN oder dem Institut. Michel Amandry Le d\u00e9p\u00f4t august\u00e9en des Roches-Noires \u00e0 Casablanca, 1926 Martin Baer Erneute Stempelstudie zur Restitutionspr\u00e4gung der Kaiser Marcus Aurelius und Lucius &#8230; <a title=\"VIN 23\" class=\"read-more\" href=\"https:\/\/oefn-wien.eckhel.at\/?page_id=52\" aria-label=\"Mehr Informationen \u00fcber VIN 23\">Weiterlesen<\/a><\/p>\n","protected":false},"author":1,"featured_media":0,"parent":28,"menu_order":23,"comment_status":"closed","ping_status":"closed","template":"","meta":{"_uag_custom_page_level_css":"","footnotes":""},"class_list":["post-52","page","type-page","status-publish"],"uagb_featured_image_src":{"full":false,"thumbnail":false,"medium":false,"medium_large":false,"large":false,"1536x1536":false,"2048x2048":false},"uagb_author_info":{"display_name":"wszaivert","author_link":"https:\/\/oefn-wien.eckhel.at\/?author=1"},"uagb_comment_info":0,"uagb_excerpt":"MARTIN BAER, WOLFGANG FISCHER-BOSSERT und NIKOLAUS SCHINDEL (Hgg.)Cista mystica. Festschrift f\u00fcr Wolfgang Szaivert.Wien 2020, ISBN 978-3-9504268-2-3,\u00a0Format 21,5 x 30,5 cm \u2013 607 Seiten.\u20ac 78,00 Bestellen Sie bitte bei der \u00d6FN oder dem Institut. Michel Amandry Le d\u00e9p\u00f4t august\u00e9en des Roches-Noires \u00e0 Casablanca, 1926 Martin Baer Erneute Stempelstudie zur Restitutionspr\u00e4gung der Kaiser Marcus Aurelius und Lucius&hellip;","_links":{"self":[{"href":"https:\/\/oefn-wien.eckhel.at\/index.php?rest_route=\/wp\/v2\/pages\/52","targetHints":{"allow":["GET"]}}],"collection":[{"href":"https:\/\/oefn-wien.eckhel.at\/index.php?rest_route=\/wp\/v2\/pages"}],"about":[{"href":"https:\/\/oefn-wien.eckhel.at\/index.php?rest_route=\/wp\/v2\/types\/page"}],"author":[{"embeddable":true,"href":"https:\/\/oefn-wien.eckhel.at\/index.php?rest_route=\/wp\/v2\/users\/1"}],"replies":[{"embeddable":true,"href":"https:\/\/oefn-wien.eckhel.at\/index.php?rest_route=%2Fwp%2Fv2%2Fcomments&post=52"}],"version-history":[{"count":10,"href":"https:\/\/oefn-wien.eckhel.at\/index.php?rest_route=\/wp\/v2\/pages\/52\/revisions"}],"predecessor-version":[{"id":339,"href":"https:\/\/oefn-wien.eckhel.at\/index.php?rest_route=\/wp\/v2\/pages\/52\/revisions\/339"}],"up":[{"embeddable":true,"href":"https:\/\/oefn-wien.eckhel.at\/index.php?rest_route=\/wp\/v2\/pages\/28"}],"wp:attachment":[{"href":"https:\/\/oefn-wien.eckhel.at\/index.php?rest_route=%2Fwp%2Fv2%2Fmedia&parent=52"}],"curies":[{"name":"wp","href":"https:\/\/api.w.org\/{rel}","templated":true}]}}