{"id":237,"date":"2025-02-14T17:53:55","date_gmt":"2025-02-14T16:53:55","guid":{"rendered":"https:\/\/oefn-wien.eckhel.at\/?page_id=237"},"modified":"2025-02-15T10:45:52","modified_gmt":"2025-02-15T09:45:52","slug":"vin-15","status":"publish","type":"page","link":"https:\/\/oefn-wien.eckhel.at\/?page_id=237","title":{"rendered":"VIN 22"},"content":{"rendered":"\n<div class=\"wp-block-columns are-vertically-aligned-center is-layout-flex wp-container-core-columns-is-layout-9d6595d7 wp-block-columns-is-layout-flex\">\n<div class=\"wp-block-column is-layout-flow wp-block-column-is-layout-flow\">\n<p>MARTIN ZIEGERT<br>Zwischen Tradition und Innovation. Die M\u00fcnzpr\u00e4gung Vespasians.<br>Wien 2020, ISBN 978-3-9504268-1-6, Format 21,5 x 30,5 cm \u2013 322 Seiten \u2013 14 Tafeln.<br>&nbsp;\u20ac 49,00<\/p>\n\n\n\n<p>Bestellen Sie bitte bei der <a href=\"mailto:oefn.numismatik@univie.ac.at\">\u00d6FN <\/a>oder dem <a href=\"mailto:numismatik@uniiive.ac.at\">Institut<\/a>.<\/p>\n\n\n\n<p>Diese nun erscheinende Monographie stellt die Ver\u00f6ffentlichung der Dissertationsschrift des Autors dar und beinhaltet eine Untersuchung der M\u00fcnzpr\u00e4gung des r\u00f6mischen Kaisers Vespasian (69\u201379). Auf Grundlage der 2007 herausgegebenen zweiten Auflage des RIC-Bandes zu den Flaviern (RIC II.1\u00b2) wurden drei numismatische Methoden angewandt: Die Systemrekonstruktion, die Hortfundanalyse und eine ikonographische Auswertung. Mit der Systemrekonstruktion werden die gleichzeitig gepr\u00e4gten Typen in einer Pr\u00e4gegruppe zusammengestellt. Die Betrachtung der Pr\u00e4gegruppe erweitert die Interpretationsm\u00f6glichkeiten. Somit konnten einerseits neue Interpretationen vorgeschlagen werden, andererseits aber auch an einigen Stellen der Aufbau des RIC II.1\u00b2 ver\u00e4ndert werden. Die Hortfundanalyse dagegen l\u00e4sst die einzelnen M\u00fcnztypen gewichten, indem die H\u00e4ufigkeit ihrer Auspr\u00e4gung in Horten und Fundm\u00fcnzen festgestellt wird. So wurde deutlich, dass die IVDAEA CAPTA-Thematik nur selten vertreten ist; dagegen dominiert die Friedenspersonifikation Pax die Edelmetallbilder. Die ikonographische Auswertung schlie\u00dflich betraf die Suche nach den Vorbildern f\u00fcr die Reverstypen Vespasians (Edel- und Buntmetall) in der vorherigen r\u00f6mischen M\u00fcnzpr\u00e4gung. Dreiviertel der Reverstypen des Flaviers gehen auf Vorbilder zur\u00fcck. Vorbildsteller sind vor allem Galba, Vitellius, Augustus und die r\u00f6mische Republik &#8211; alle mit einer ebenfalls typenreichen M\u00fcnzpr\u00e4gung. Weitere Kapitel betreffen die Innovationen bei den Reverstypen, die Nominalverteilung unter Vespasian und die Lokalisierung der stadtr\u00f6mischen M\u00fcnzst\u00e4tte.<\/p>\n<\/div>\n\n\n\n<div class=\"wp-block-column is-layout-flow wp-block-column-is-layout-flow\">\n<figure class=\"wp-block-image size-full is-resized\"><img fetchpriority=\"high\" decoding=\"async\" width=\"1810\" height=\"2560\" src=\"https:\/\/oefn-wien.eckhel.at\/wp-content\/uploads\/2025\/02\/VIN_22-scaled.jpg\" alt=\"\" class=\"wp-image-276\" style=\"width:517px;height:auto\" srcset=\"https:\/\/oefn-wien.eckhel.at\/wp-content\/uploads\/2025\/02\/VIN_22-scaled.jpg 1810w, https:\/\/oefn-wien.eckhel.at\/wp-content\/uploads\/2025\/02\/VIN_22-212x300.jpg 212w, https:\/\/oefn-wien.eckhel.at\/wp-content\/uploads\/2025\/02\/VIN_22-724x1024.jpg 724w, https:\/\/oefn-wien.eckhel.at\/wp-content\/uploads\/2025\/02\/VIN_22-768x1086.jpg 768w, https:\/\/oefn-wien.eckhel.at\/wp-content\/uploads\/2025\/02\/VIN_22-1086x1536.jpg 1086w, https:\/\/oefn-wien.eckhel.at\/wp-content\/uploads\/2025\/02\/VIN_22-1448x2048.jpg 1448w\" sizes=\"(max-width: 1810px) 100vw, 1810px\" \/><\/figure>\n<\/div>\n<\/div>\n\n\n\n<p><\/p>\n","protected":false},"excerpt":{"rendered":"<p>MARTIN ZIEGERTZwischen Tradition und Innovation. Die M\u00fcnzpr\u00e4gung Vespasians.Wien 2020, ISBN 978-3-9504268-1-6, Format 21,5 x 30,5 cm \u2013 322 Seiten \u2013 14 Tafeln.&nbsp;\u20ac 49,00 Bestellen Sie bitte bei der \u00d6FN oder dem Institut. Diese nun erscheinende Monographie stellt die Ver\u00f6ffentlichung der Dissertationsschrift des Autors dar und beinhaltet eine Untersuchung der M\u00fcnzpr\u00e4gung des r\u00f6mischen Kaisers Vespasian (69\u201379). &#8230; <a title=\"VIN 22\" class=\"read-more\" href=\"https:\/\/oefn-wien.eckhel.at\/?page_id=237\" aria-label=\"Mehr Informationen \u00fcber VIN 22\">Weiterlesen<\/a><\/p>\n","protected":false},"author":1,"featured_media":0,"parent":28,"menu_order":22,"comment_status":"closed","ping_status":"closed","template":"","meta":{"_uag_custom_page_level_css":"","footnotes":""},"class_list":["post-237","page","type-page","status-publish"],"uagb_featured_image_src":{"full":false,"thumbnail":false,"medium":false,"medium_large":false,"large":false,"1536x1536":false,"2048x2048":false},"uagb_author_info":{"display_name":"wszaivert","author_link":"https:\/\/oefn-wien.eckhel.at\/?author=1"},"uagb_comment_info":0,"uagb_excerpt":"MARTIN ZIEGERTZwischen Tradition und Innovation. Die M\u00fcnzpr\u00e4gung Vespasians.Wien 2020, ISBN 978-3-9504268-1-6, Format 21,5 x 30,5 cm \u2013 322 Seiten \u2013 14 Tafeln.&nbsp;\u20ac 49,00 Bestellen Sie bitte bei der \u00d6FN oder dem Institut. Diese nun erscheinende Monographie stellt die Ver\u00f6ffentlichung der Dissertationsschrift des Autors dar und beinhaltet eine Untersuchung der M\u00fcnzpr\u00e4gung des r\u00f6mischen Kaisers Vespasian (69\u201379).&hellip;","_links":{"self":[{"href":"https:\/\/oefn-wien.eckhel.at\/index.php?rest_route=\/wp\/v2\/pages\/237","targetHints":{"allow":["GET"]}}],"collection":[{"href":"https:\/\/oefn-wien.eckhel.at\/index.php?rest_route=\/wp\/v2\/pages"}],"about":[{"href":"https:\/\/oefn-wien.eckhel.at\/index.php?rest_route=\/wp\/v2\/types\/page"}],"author":[{"embeddable":true,"href":"https:\/\/oefn-wien.eckhel.at\/index.php?rest_route=\/wp\/v2\/users\/1"}],"replies":[{"embeddable":true,"href":"https:\/\/oefn-wien.eckhel.at\/index.php?rest_route=%2Fwp%2Fv2%2Fcomments&post=237"}],"version-history":[{"count":4,"href":"https:\/\/oefn-wien.eckhel.at\/index.php?rest_route=\/wp\/v2\/pages\/237\/revisions"}],"predecessor-version":[{"id":338,"href":"https:\/\/oefn-wien.eckhel.at\/index.php?rest_route=\/wp\/v2\/pages\/237\/revisions\/338"}],"up":[{"embeddable":true,"href":"https:\/\/oefn-wien.eckhel.at\/index.php?rest_route=\/wp\/v2\/pages\/28"}],"wp:attachment":[{"href":"https:\/\/oefn-wien.eckhel.at\/index.php?rest_route=%2Fwp%2Fv2%2Fmedia&parent=237"}],"curies":[{"name":"wp","href":"https:\/\/api.w.org\/{rel}","templated":true}]}}