{"id":234,"date":"2025-02-14T21:00:09","date_gmt":"2025-02-14T20:00:09","guid":{"rendered":"https:\/\/oefn-wien.eckhel.at\/?page_id=234"},"modified":"2025-02-15T10:46:52","modified_gmt":"2025-02-15T09:46:52","slug":"vin-8-2","status":"publish","type":"page","link":"https:\/\/oefn-wien.eckhel.at\/?page_id=234","title":{"rendered":"VIN 26"},"content":{"rendered":"\n<div class=\"wp-block-columns are-vertically-aligned-center is-layout-flex wp-container-core-columns-is-layout-9d6595d7 wp-block-columns-is-layout-flex\">\n<div class=\"wp-block-column is-layout-flow wp-block-column-is-layout-flow\">\n<p><br>A. ASPETSBERGER, M. BOROS, J. HARTNER, A. HYLLA, A. L\u00d6RNITZO, B. PROKISCH (Hrsg.)<em><br><\/em>Swer den pfenninc liep h\u00e2t. Festschrift f\u00fcr Hubert Emmerig zum 65. Geburtstag. Wien 2023, ISBN 978-3-9504268-6-1, Format 21,5 x 30,5 cm \u2013 624 Seiten.<br>\u20ac 70,00<\/p>\n\n\n\n<p>Bestellen Sie bitte bei der <a href=\"mailto:oefn.numismatik@univie.ac.at\">\u00d6FN <\/a>oder dem <a href=\"mailto:numismatik@uniiive.ac.at\">Institut<\/a>.<\/p>\n\n\n\n<p>Der dem 13. Jahrhundert entstammende Vers aus Freidanks Spruchsammlung \u201eBescheidenheit\u201c &#8211; Swer den pfenninc liep h\u00e2t &#8211; ist titelgebend f\u00fcr die Festschrift f\u00fcr Univ.-Prof. Dr. Hubert Emmerig und unterstreicht die Zuneigung des Jubilars zur M\u00fcnze als dem zentralen Objekt der Numismatik. Wie weit das Interesse Hubert Emmerigs \u00fcber den blo\u00dfen \u201epfenninc\u201c hinausgeht, legt die vorliegende Festschrift offen dar.<\/p>\n\n\n\n<p>Die 46 Beitr\u00e4ge von 53 Kolleginnen und Kollegen, darunter auch ehemalige Sch\u00fclerinnen und Sch\u00fcler, thematisieren ein breites, zeitlich als auch geografisch weit gestreutes Spektrum der Numismatik \u2013 von der M\u00fcnze \u00fcber diverse andere Objektgruppen bis hin zu den Schriftquellen \u2013, sind vielfach mit dem Wirken Hubert Emmerigs verschr\u00e4nkt und spiegeln die vielf\u00e4ltige fach- und l\u00e4nder\u00fcbergreifende Vernetzung des Jubilars wider.&nbsp;<\/p>\n\n\n\n<p>Ein gro\u00dfer Dank geht an die Autorinnen und Autoren, das Layout sowie das Lektorat und vor allem an jene Exponenten des M\u00fcnzhandels, die durch ihre finanzielle Unterst\u00fctzung die Entstehung dieses Buches in materieller Hinsicht erst m\u00f6glich werden lie\u00dfen.<\/p>\n<\/div>\n\n\n\n<div class=\"wp-block-column is-layout-flow wp-block-column-is-layout-flow\">\n<figure class=\"wp-block-image size-full is-resized\"><img fetchpriority=\"high\" decoding=\"async\" width=\"1317\" height=\"1786\" src=\"https:\/\/oefn-wien.eckhel.at\/wp-content\/uploads\/2025\/02\/vin-26.gif\" alt=\"\" class=\"wp-image-284\" style=\"width:517px;height:auto\"\/><\/figure>\n<\/div>\n<\/div>\n\n\n\n<figure class=\"wp-block-table\"><table><tbody><tr><td>Vorwort<\/td><td>9<\/td><td>9<\/td><\/tr><tr><td>Schriftenverzeichnis Hubert Emmerig<\/td><td>I0<\/td><td>10<\/td><\/tr><tr><td>Agnes ASPETSBERGER<\/td><td><em>die zceychen der falschen gulden<\/em>. Fr\u00fche Drucke und gef\u00e4lschte Gulden als Quellen zur Falschm\u00fcnzerei<\/td><td>25<\/td><\/tr><tr><td>Matthias BARTH<\/td><td>Ein einst in Venedig und M\u00fcnchen aufbewahrter Kontorniat des Traian: Zu seiner Abbildung in einem Katalog aus der Zeit um 156o und der Beschreibung in einer zeitgen\u00f6ssischen Publikation<\/td><td>35<\/td><\/tr><tr><td>Frank BERGER und Reinhard WOLTERS<\/td><td>Die M\u00fcnzfunde der r\u00f6mischen Alteburg in Hessen<\/td><td>5I<\/td><\/tr><tr><td>Mika BOROS<\/td><td>Neue Erkenntnisse zu Wiener M\u00fcnzmeistern des Mittelalters und ihren Netzwerken<\/td><td>67<\/td><\/tr><tr><td>Ellen BOSNJAK<\/td><td>Der Wechsel vom Gulden zur Mark in Bayern am Beispiel bayerischer Stiftungsurkunden<\/td><td>77<\/td><\/tr><tr><td>Aleksandar N. BRZIC<\/td><td>Panta Arandelovi\u0107\u2019s \u201cKovanje Novca\u201d. Ein seltenes Buch \u00fcber M\u00fcnzpr\u00e4getechnik in serbischer Sprache<\/td><td>85<\/td><\/tr><tr><td>Marek BUDAJ and Pavol MARCIS<\/td><td>Two interesting finds of Wiener pfennigs from the late 2th century to the 13th century from the territory of Slovakia<\/td><td>91<\/td><\/tr><tr><td>Andrea CASOLI<\/td><td>R\u00f6mische Goldmultipla. \u00dcberlegungen zu ihrer Verwendung in der fr\u00fchen und mittleren Kaiserzeit<\/td><td>I03<\/td><\/tr><tr><td>Simon COUPLAND<\/td><td>The Italian connection: the significance of Italian mints in the Carolingian monetary economy<\/td><td>113<\/td><\/tr><tr><td>Lilia DERGACIOVA<\/td><td>Asperi argenti de Licostomo<\/td><td>I25<\/td><\/tr><tr><td>Doris GERSTL<\/td><td>Ein Siegeltypar vom Ende des Alten Reichs: Napoleon und Th\u00e9obald Bacher<\/td><td>I4I<\/td><\/tr><tr><td>Dagmar GROSSMANNOVA<\/td><td>\u00d6sterreichische Pfennige in M\u00e4hren w\u00e4hrend der Herrschaft von Markgraf Jobst (1375\u20131411): der Fund von Mikulov (Nikolsburg)<\/td><td>I47<\/td><\/tr><tr><td>Svein H. GULLBEKK<\/td><td>St. Peter\u2019s Pence in medieval Norway<\/td><td>I57<\/td><\/tr><tr><td>Wolfgang HAHN<\/td><td>Der Regensburger M\u00fcnztyp Herzog Heinrichs I. von Bayern. Erg\u00e4nzende stempelkritisch-statistische Anmerkungen<\/td><td>I67<\/td><\/tr><tr><td>Ylva HAIDENTHALLER<\/td><td>\u201eMein Wunsch w\u00e4re es 1oo Medaillen pr\u00e4gen zu d\u00fcrfen\u201c: Carl von Linn\u00e9s langwierige Bestellung der Medaille <em>illustrat<\/em><\/td><td>175<em><\/em><\/td><\/tr><tr><td>Johannes HARTNER<\/td><td>Der M\u00fcnzfund von Aue (VB Neunkirchen, N\u00d6). Neue \u00f6sterreichisch-steirische Pfennige aus der zweiten H\u00e4lfte des 12. Jahrhunderts<\/td><td>185<\/td><\/tr><tr><td>Alexandra HYLLA<\/td><td>Der M\u00fcnzhort von Obing bei Traunstein (1o5o\u2013112o\/113o) \u2013 Ein Vorbericht<\/td><td>199<\/td><\/tr><tr><td>Daniel HAAS KIANIG&#8217;KA und Anna L\u00d6RNITZO<\/td><td>Von Wien nach Kremnitz. \u00dcberlegungen zu den Karrieren der Kremnitzer Graveure des 18. Jahrhunderts<\/td><td>213<\/td><\/tr><tr><td>Simone KILLEN<\/td><td>The World is not enough? Der Himmelsglobus als Symbol der kaiserlichen <em>providentia<\/em><\/td><td>227<em><\/em><\/td><\/tr><tr><td>Ulrich KLEIN<\/td><td>\u201evon Schr\u00f6tter 1oo bis 131\u201c \u2013 Die Goldguldenpr\u00e4gung des Burggrafen Friedrich V. von N\u00fcrnberg (1357\/1361\u20131397) in stempelkritischer Hinsicht<\/td><td>239<\/td><\/tr><tr><td>Dietrich O. A. KLOSE<\/td><td>Zur Deutung und Einordnung der angeblichen \u201eKr\u00f6nungstrams\u201c des armenischen K\u00f6nigs Levon I. (1198\u20131219)<\/td><td>257<\/td><\/tr><tr><td>Niklot KL\u00dcSSENDORF<\/td><td>Die Evakuierung des Kurhessischen Staatsschatzes auf die Wilhelmsburg. Geheimtransporte zwischen Kassel und Schmalkalden im September 18o5<\/td><td>269<\/td><\/tr><tr><td>Heike KRAUSE und Paul MITCHELL<\/td><td>Zu den M\u00fcnzst\u00e4tten Wiens vom Sp\u00e4tmittelalter bis zur Fr\u00fchneuzeit<\/td><td>279<\/td><\/tr><tr><td>Karin und Thomas K\u00dcHTREIBER<\/td><td>In der Ewigen Stadt emittiert \u2013 in \u00d6sterreich gefunden: Religi\u00f6se Medaillen der ersten H\u00e4lfte des 17. Jahrhunderts aus Rom<\/td><td>291<\/td><\/tr><tr><td>Ernst LAUERMANN und Franz PIELER<\/td><td>Das \u00d6senhalsringdepot von Obernalb., Nieder\u00f6sterreich<\/td><td>305<\/td><\/tr><tr><td>Hannah-Lisa vON LENTHE<\/td><td>Der F\u00fcnffachdukat des F\u00fcrsten Nikolaus I. Joseph von Eszterh\u00e1zy (1762\u20131790) aus dem Berliner M\u00fcnzkabinett<\/td><td>321<\/td><\/tr><tr><td>Carolin MERZ<\/td><td>Ein kleiner M\u00fcnzfund der 1630er aus Berching, Neumarkt in der Oberpfalz<\/td><td>329<\/td><\/tr><tr><td>Ji\u0159\u00ed MILITKY<\/td><td>The discovery of an Oberleiserberg type 2 didrachm from Slatiny, north-eastern Bohemia<\/td><td>341<\/td><\/tr><tr><td>Tilman MITTELSTRASS<\/td><td>Handsalbe statt Heilsalbe? Zwei Goldm\u00fcnzen in einem Apothekengef\u00e4\u00df aus Fischbach, Stadt Friedrichshafen (Baden-W\u00fcrttemberg), aus der Zeit um 1500<\/td><td>349<\/td><\/tr><tr><td>Samuel NUSSBAUM und Katharina KASKA<\/td><td>Die M\u00fcnzdarstellungen im Stundenbuch \u00d6NB Cod. 1849<\/td><td>361<\/td><\/tr><tr><td>Borys PASZKIEWICZ<\/td><td>A penny of King Casimir the Great and Queen Anna from 1333<\/td><td>373<\/td><\/tr><tr><td>J\u00fcrgen PLAUMANN<\/td><td>Seltene G\u00e4ste \u2013 \u201eReisende\u201c aus Bayern? Zwei mittelalterliche Fundm\u00fcnzen der Augsburger Stadtarch\u00e4ologie<\/td><td>381<\/td><\/tr><tr><td>Bernhard PROKISCH<\/td><td>Zur Wallfahrtsmedaille des 19. Jahrhunderts in \u00d6sterreich<\/td><td>393<\/td><\/tr><tr><td>Helmut RIZZOLLI<\/td><td>Ein M\u00fcnzschatz mit ungarischen Goldflorenen, Tiroler Kreuzern und Regensburger Pfennigen beleuchtet den mittelalterlichen Innhandel bei Rattenberg<\/td><td>407<\/td><\/tr><tr><td>Mario SCHLAPKE<\/td><td>Heimatfunde: Erfurter Denare mit Th\u00fcringer Fundprovenienz<\/td><td>423<\/td><\/tr><tr><td>Petr SCHNEIDER<\/td><td>Ein Fund von Egerer Pfennigen aus Budislavice (Bezirk Pilsen-S\u00fcd, Tschechische Republik)<\/td><td>439<\/td><\/tr><tr><td>Kathrin SIEGL<\/td><td>Das numismatische Fundmaterial aus einem Randbereich des Vicus, SG Fischamend, VB Bruck an der Leitha) von Aequinoctium (KG Fischamend Markt<\/td><td>449<\/td><\/tr><tr><td>Sebastian STEINBACH<\/td><td>Imperiale M\u00fcnzpr\u00e4gung an der Peripherie? Das spanische Kaisertum Alfons VII. aus numismatischem Blickwinkel<\/td><td>469<\/td><\/tr><tr><td>Maximilian STIMPERT<\/td><td>Sechs M\u00fcnzen des 12. Jahrhunderts. Fundm\u00fcnzen von der Burg auf dem Kugelberg bei Goldbach (Lkr. Aschaffenburg)<\/td><td>481<\/td><\/tr><tr><td>Christian STOESS<\/td><td>Die Sammlung Ludwig Fikentscher im Berliner M\u00fcnzkabinett<\/td><td>493<\/td><\/tr><tr><td>Wolfgang SZAIVERT<\/td><td>Hundertfache Dukaten f\u00fcr Erzherzog Ferdinand Ernst \u2013 cui bono? Zu den Pr\u00e4gungen Ferdinands III. aus den Jahren 1627 bis 1637<\/td><td>511<\/td><\/tr><tr><td>Klaus VONDROVEC<\/td><td>Abdicatio<\/td><td>533<\/td><\/tr><tr><td>Martin WAGENDORFER<\/td><td>Der verloren geglaubte zweite Band von Degenhart Pfeffingers (\u2020 1519) M\u00fcnzverzeichnis \u2013 N\u00fcrnberg, Germanisches Nationalmuseum Cod. 4284a<\/td><td>545<\/td><\/tr><tr><td>David WEIDGENANNT<\/td><td>\u201eUpdating (and Downdating)\u201c: Das Ende der st\u00e4dtischen Pr\u00e4gungen von Sikyon im ersten Jahrhundert vor Christus<\/td><td>563<\/td><\/tr><tr><td>Bernhard WOYTEK<\/td><td>Christian Gottlob Heyne als F\u00f6rderer d\u00e4nischer Altertumswissenschaftler Zwei unedierte Empfehlungsbriefe mit numismatischen Bez\u00fcgen:<\/td><td>577<\/td><\/tr><tr><td>Michaela ZAVADIL<\/td><td>Eine M\u00fcnze f\u00fcr Heinrich Schliemann: Josef Ullepitsch und die Altertumswissenschaften<\/td><td>589<\/td><\/tr><tr><td>Abk\u00fcrzungsverzeichnis<\/td><td>&nbsp;<\/td><td>603<\/td><\/tr><\/tbody><\/table><\/figure>\n","protected":false},"excerpt":{"rendered":"<p>A. ASPETSBERGER, M. BOROS, J. HARTNER, A. HYLLA, A. L\u00d6RNITZO, B. PROKISCH (Hrsg.)Swer den pfenninc liep h\u00e2t. Festschrift f\u00fcr Hubert Emmerig zum 65. Geburtstag. Wien 2023, ISBN 978-3-9504268-6-1, Format 21,5 x 30,5 cm \u2013 624 Seiten.\u20ac 70,00 Bestellen Sie bitte bei der \u00d6FN oder dem Institut. Der dem 13. Jahrhundert entstammende Vers aus Freidanks Spruchsammlung &#8230; <a title=\"VIN 26\" class=\"read-more\" href=\"https:\/\/oefn-wien.eckhel.at\/?page_id=234\" aria-label=\"Mehr Informationen \u00fcber VIN 26\">Weiterlesen<\/a><\/p>\n","protected":false},"author":1,"featured_media":0,"parent":28,"menu_order":26,"comment_status":"closed","ping_status":"closed","template":"","meta":{"_uag_custom_page_level_css":"","footnotes":""},"class_list":["post-234","page","type-page","status-publish"],"uagb_featured_image_src":{"full":false,"thumbnail":false,"medium":false,"medium_large":false,"large":false,"1536x1536":false,"2048x2048":false},"uagb_author_info":{"display_name":"wszaivert","author_link":"https:\/\/oefn-wien.eckhel.at\/?author=1"},"uagb_comment_info":0,"uagb_excerpt":"A. ASPETSBERGER, M. BOROS, J. HARTNER, A. HYLLA, A. L\u00d6RNITZO, B. PROKISCH (Hrsg.)Swer den pfenninc liep h\u00e2t. Festschrift f\u00fcr Hubert Emmerig zum 65. Geburtstag. Wien 2023, ISBN 978-3-9504268-6-1, Format 21,5 x 30,5 cm \u2013 624 Seiten.\u20ac 70,00 Bestellen Sie bitte bei der \u00d6FN oder dem Institut. Der dem 13. Jahrhundert entstammende Vers aus Freidanks Spruchsammlung&hellip;","_links":{"self":[{"href":"https:\/\/oefn-wien.eckhel.at\/index.php?rest_route=\/wp\/v2\/pages\/234","targetHints":{"allow":["GET"]}}],"collection":[{"href":"https:\/\/oefn-wien.eckhel.at\/index.php?rest_route=\/wp\/v2\/pages"}],"about":[{"href":"https:\/\/oefn-wien.eckhel.at\/index.php?rest_route=\/wp\/v2\/types\/page"}],"author":[{"embeddable":true,"href":"https:\/\/oefn-wien.eckhel.at\/index.php?rest_route=\/wp\/v2\/users\/1"}],"replies":[{"embeddable":true,"href":"https:\/\/oefn-wien.eckhel.at\/index.php?rest_route=%2Fwp%2Fv2%2Fcomments&post=234"}],"version-history":[{"count":6,"href":"https:\/\/oefn-wien.eckhel.at\/index.php?rest_route=\/wp\/v2\/pages\/234\/revisions"}],"predecessor-version":[{"id":342,"href":"https:\/\/oefn-wien.eckhel.at\/index.php?rest_route=\/wp\/v2\/pages\/234\/revisions\/342"}],"up":[{"embeddable":true,"href":"https:\/\/oefn-wien.eckhel.at\/index.php?rest_route=\/wp\/v2\/pages\/28"}],"wp:attachment":[{"href":"https:\/\/oefn-wien.eckhel.at\/index.php?rest_route=%2Fwp%2Fv2%2Fmedia&parent=234"}],"curies":[{"name":"wp","href":"https:\/\/api.w.org\/{rel}","templated":true}]}}