{"id":194,"date":"2025-02-14T19:59:06","date_gmt":"2025-02-14T18:59:06","guid":{"rendered":"https:\/\/oefn-wien.eckhel.at\/?page_id=194"},"modified":"2025-02-15T10:46:19","modified_gmt":"2025-02-15T09:46:19","slug":"vin-24","status":"publish","type":"page","link":"https:\/\/oefn-wien.eckhel.at\/?page_id=194","title":{"rendered":"VIN 24"},"content":{"rendered":"\n<div class=\"wp-block-columns are-vertically-aligned-center is-layout-flex wp-container-core-columns-is-layout-9d6595d7 wp-block-columns-is-layout-flex\">\n<div class=\"wp-block-column is-layout-flow wp-block-column-is-layout-flow\">\n<p><br>MARC PHILIPP WAHL<br>Motivwanderungen. Studien zu \u00dcbernahme und Verbreitung von M\u00fcnzmotiven der Westgriechen in der Klassik.<br>Wien 2021, ISBN 978-3-9504268-3-0, Format 15 x 23 cm \u2013 340 Seiten \u2013 zahlreiche Abbildungen. <br>\u20ac 60,00<\/p>\n\n\n\n<p>Bestellen Sie bitte bei der <a href=\"mailto:oefn.numismatik@univie.ac.at\">\u00d6FN <\/a>oder dem <a href=\"mailto:numismatik@uniiive.ac.at\">Institut<\/a>.<\/p>\n\n\n\n<p>Die Studie \u2013 basierend auf der 2017 eingereichten Dissertation \u2013 behandelt ein in der numismatischen Forschung bislang nur selten umfassend behandeltes Problem: Gesetzt den Fall, dass die Poleis in der Klassik um die Einzigartigkeit ihrer Motive bem\u00fcht waren, so stellen \u00dcbernahmen der Motive fremder oder teilweise sogar feindlicher St\u00e4dte einen Bruch dieser Norm dar.<\/p>\n\n\n\n<p>F\u00fcr die N\u00e4herung an das Ph\u00e4nomen wurden in der Arbeit drei Arbeitsschritte gew\u00e4hlt: Im ersten Abschnitt steht die begriffliche Eingrenzung. Ein wichtiger Ankn\u00fcpfungspunkt ist hierbei die grundlegende Forschung zur Intertextualit\u00e4t des franz\u00f6sischen Literaturtheoretikers G\u00e9rard Genettes, dessen Ergebnisse mit einigen deutli-chen Abwandlungen und Reduktionen auch auf die M\u00fcnzen anwendbar sind. Der zweite Abschnitt behandelt exemplarische Analysen mehrerer Motivwanderungen in der Klassik: Die M\u00fcnzpr\u00e4gung w\u00e4hrend der \u00c4lteren Tyrannis auf Sizilien; die \u00dcbernahmen der syrakusanischen Tetradrachmen des Graveurs Kimon in Thessalien und Kilikien; sowie die Motivimporte und -exporte in der Landschaft Kampanien. Die gew\u00e4hlten \u201eTiefenbohrungen\u201c im regionalen wie \u00fcberregionalen Rahmen erlaubten es, einige Prinzipien abzuleiten, die f\u00fcr den dritten Schritt von entscheidender Wichtigkeit sind: Der Aufbau einer Typologie. In diesem letzten Teil ist der reiche Schatz an Motivwanderungen geb\u00fcndelt und gegliedert worden. Es hat sich herausgestellt, dass das Ph\u00e4nomen drei Sph\u00e4ren besitzt: Die politische, die \u00f6konomische und die artistisch-\u00e4sthetische Sph\u00e4re. Die gewonnene Systematik stellt \u2013 und dies ist ein wichtiges Ziel der Studie \u2013 eine Folie dar, mit der Motivwanderungen aus anderen Gebieten oder Zeitstellungen besser angesprochen werden k\u00f6nnen.<\/p>\n<\/div>\n\n\n\n<div class=\"wp-block-column is-layout-flow wp-block-column-is-layout-flow\">\n<figure class=\"wp-block-image size-large\"><img fetchpriority=\"high\" decoding=\"async\" width=\"668\" height=\"1024\" src=\"https:\/\/oefn-wien.eckhel.at\/wp-content\/uploads\/2025\/02\/VIN_24-668x1024.png\" alt=\"\" class=\"wp-image-280\" srcset=\"https:\/\/oefn-wien.eckhel.at\/wp-content\/uploads\/2025\/02\/VIN_24-668x1024.png 668w, https:\/\/oefn-wien.eckhel.at\/wp-content\/uploads\/2025\/02\/VIN_24-196x300.png 196w, https:\/\/oefn-wien.eckhel.at\/wp-content\/uploads\/2025\/02\/VIN_24-768x1178.png 768w, https:\/\/oefn-wien.eckhel.at\/wp-content\/uploads\/2025\/02\/VIN_24-1002x1536.png 1002w, https:\/\/oefn-wien.eckhel.at\/wp-content\/uploads\/2025\/02\/VIN_24-1336x2048.png 1336w\" sizes=\"(max-width: 668px) 100vw, 668px\" \/><\/figure>\n<\/div>\n<\/div>\n\n\n\n<p><\/p>\n","protected":false},"excerpt":{"rendered":"<p>MARC PHILIPP WAHLMotivwanderungen. Studien zu \u00dcbernahme und Verbreitung von M\u00fcnzmotiven der Westgriechen in der Klassik.Wien 2021, ISBN 978-3-9504268-3-0, Format 15 x 23 cm \u2013 340 Seiten \u2013 zahlreiche Abbildungen. \u20ac 60,00 Bestellen Sie bitte bei der \u00d6FN oder dem Institut. Die Studie \u2013 basierend auf der 2017 eingereichten Dissertation \u2013 behandelt ein in der numismatischen &#8230; <a title=\"VIN 24\" class=\"read-more\" href=\"https:\/\/oefn-wien.eckhel.at\/?page_id=194\" aria-label=\"Mehr Informationen \u00fcber VIN 24\">Weiterlesen<\/a><\/p>\n","protected":false},"author":1,"featured_media":0,"parent":28,"menu_order":24,"comment_status":"closed","ping_status":"closed","template":"","meta":{"_uag_custom_page_level_css":"","footnotes":""},"class_list":["post-194","page","type-page","status-publish"],"uagb_featured_image_src":{"full":false,"thumbnail":false,"medium":false,"medium_large":false,"large":false,"1536x1536":false,"2048x2048":false},"uagb_author_info":{"display_name":"wszaivert","author_link":"https:\/\/oefn-wien.eckhel.at\/?author=1"},"uagb_comment_info":0,"uagb_excerpt":"MARC PHILIPP WAHLMotivwanderungen. Studien zu \u00dcbernahme und Verbreitung von M\u00fcnzmotiven der Westgriechen in der Klassik.Wien 2021, ISBN 978-3-9504268-3-0, Format 15 x 23 cm \u2013 340 Seiten \u2013 zahlreiche Abbildungen. \u20ac 60,00 Bestellen Sie bitte bei der \u00d6FN oder dem Institut. Die Studie \u2013 basierend auf der 2017 eingereichten Dissertation \u2013 behandelt ein in der numismatischen&hellip;","_links":{"self":[{"href":"https:\/\/oefn-wien.eckhel.at\/index.php?rest_route=\/wp\/v2\/pages\/194","targetHints":{"allow":["GET"]}}],"collection":[{"href":"https:\/\/oefn-wien.eckhel.at\/index.php?rest_route=\/wp\/v2\/pages"}],"about":[{"href":"https:\/\/oefn-wien.eckhel.at\/index.php?rest_route=\/wp\/v2\/types\/page"}],"author":[{"embeddable":true,"href":"https:\/\/oefn-wien.eckhel.at\/index.php?rest_route=\/wp\/v2\/users\/1"}],"replies":[{"embeddable":true,"href":"https:\/\/oefn-wien.eckhel.at\/index.php?rest_route=%2Fwp%2Fv2%2Fcomments&post=194"}],"version-history":[{"count":3,"href":"https:\/\/oefn-wien.eckhel.at\/index.php?rest_route=\/wp\/v2\/pages\/194\/revisions"}],"predecessor-version":[{"id":340,"href":"https:\/\/oefn-wien.eckhel.at\/index.php?rest_route=\/wp\/v2\/pages\/194\/revisions\/340"}],"up":[{"embeddable":true,"href":"https:\/\/oefn-wien.eckhel.at\/index.php?rest_route=\/wp\/v2\/pages\/28"}],"wp:attachment":[{"href":"https:\/\/oefn-wien.eckhel.at\/index.php?rest_route=%2Fwp%2Fv2%2Fmedia&parent=194"}],"curies":[{"name":"wp","href":"https:\/\/api.w.org\/{rel}","templated":true}]}}