{"id":192,"date":"2025-02-14T17:50:25","date_gmt":"2025-02-14T16:50:25","guid":{"rendered":"https:\/\/oefn-wien.eckhel.at\/?page_id=192"},"modified":"2025-02-15T10:45:39","modified_gmt":"2025-02-15T09:45:39","slug":"vin-14","status":"publish","type":"page","link":"https:\/\/oefn-wien.eckhel.at\/?page_id=192","title":{"rendered":"VIN 21"},"content":{"rendered":"\n<div class=\"wp-block-columns are-vertically-aligned-center is-layout-flex wp-container-core-columns-is-layout-9d6595d7 wp-block-columns-is-layout-flex\">\n<div class=\"wp-block-column is-layout-flow wp-block-column-is-layout-flow\">\n<p>WOLFGANG HAHN und ROBERT KECK<br>M\u00fcnzgeschichte der Ak\u00dfumitenk\u00f6nige in der Sp\u00e4tantike.<br>Wien 2020, ISBN 978-3-9504268-0-9, Format 21,5 x 30,5 cm \u2013 312 Seiten \u2013 20 Tafeln. <br>\u20ac 58,00<\/p>\n\n\n\n<p>Bestellen Sie bitte bei der <a href=\"mailto:oefn.numismatik@univie.ac.at\">\u00d6FN <\/a>oder dem <a href=\"mailto:numismatik@uniiive.ac.at\">Institut<\/a>.<\/p>\n\n\n\n<p>Inhalt<\/p>\n\n\n\n<p>Als Ergebnis jahrzehntelanger Vorarbeiten legen die beiden Autoren eine umfassende M\u00fcnzgeschichte des alt\u00e4thiopischen Reiches von Aksum vor, die auf einer intensiven Materialversammlung aus allen relevanten Quellen basiert. Es handelt sich dabei zwar nur um einen vergleichsweise kleinen Bereich in der sp\u00e4tantiken M\u00fcnzlandschaft, sozusagen um eine monet\u00e4re Insel am S\u00fcdrand der damals bekannten Welt, die aber an einer Haupthandelsroute nach Indien lag. Die Pr\u00e4gungen dienten also nicht nur der k\u00f6niglichen Repr\u00e4sentation. Ihre zeitliche Erstreckung geht parallel mit den r\u00f6mischen M\u00fcnzen der Kaiser Diocletianus bis Heraclius, zu denen es einige Querverbindungen gibt.<\/p>\n\n\n\n<p>Die Materialbasis bildet ein St\u00fcckcorpus der 1466 Gold- und 2176 Silberm\u00fcnzen mit einer stempelkritischen und mengenstatistischen Auswertung; auch den daf\u00fcr weniger geeigneten, weil oft schlecht, aber zahlreich erhaltenen Kupferm\u00fcnzen wird Rechnung getragen. Metrologische und metallurgische Analysen erweitern die Evidenz. Die typologische Entwicklung wird in einem umf\u00e4nglichen Kommentarteil ausgebreitet, der einiges an neuen Datierungsans\u00e4tzen bringt; darin ist auch der 95 Haupttypen umfassende, beschreibende Katalog eingebettet. Diese verteilen sich auf 20 namentlich genannte, zumeist sonst unbekannte, K\u00f6nige. Der Katalog ber\u00fccksichtigt Beizeichen- und Legendenvarianten und wird durch idealisierte Strichzeichnungen in der (relativ kleinen) Originalgr\u00f6\u00dfe begleitet, w\u00e4hrend 20 Farbtafeln in 1,5facher Vergr\u00f6\u00dferung auch die stilistische Streuungsbreite wiedergeben. Spezielle Anh\u00e4nge bringen statistische \u00dcbersichten, Aspekte der F\u00e4lschungsproblematik und Angaben zum Geldverkehr, d.h. zur Fundverbreitung der aksumitischen M\u00fcnzen \u00fcberhaupt, sowie von fremden M\u00fcnzen im \u00e4thiopischen Raum.<\/p>\n<\/div>\n\n\n\n<div class=\"wp-block-column is-layout-flow wp-block-column-is-layout-flow\">\n<figure class=\"wp-block-image size-full\"><img fetchpriority=\"high\" decoding=\"async\" width=\"1810\" height=\"2560\" src=\"https:\/\/oefn-wien.eckhel.at\/wp-content\/uploads\/2025\/02\/VIN_21-scaled.jpg\" alt=\"\" class=\"wp-image-273\" srcset=\"https:\/\/oefn-wien.eckhel.at\/wp-content\/uploads\/2025\/02\/VIN_21-scaled.jpg 1810w, https:\/\/oefn-wien.eckhel.at\/wp-content\/uploads\/2025\/02\/VIN_21-212x300.jpg 212w, https:\/\/oefn-wien.eckhel.at\/wp-content\/uploads\/2025\/02\/VIN_21-724x1024.jpg 724w, https:\/\/oefn-wien.eckhel.at\/wp-content\/uploads\/2025\/02\/VIN_21-768x1086.jpg 768w, https:\/\/oefn-wien.eckhel.at\/wp-content\/uploads\/2025\/02\/VIN_21-1086x1536.jpg 1086w, https:\/\/oefn-wien.eckhel.at\/wp-content\/uploads\/2025\/02\/VIN_21-1448x2048.jpg 1448w\" sizes=\"(max-width: 1810px) 100vw, 1810px\" \/><\/figure>\n<\/div>\n<\/div>\n\n\n\n<p><\/p>\n","protected":false},"excerpt":{"rendered":"<p>WOLFGANG HAHN und ROBERT KECKM\u00fcnzgeschichte der Ak\u00dfumitenk\u00f6nige in der Sp\u00e4tantike.Wien 2020, ISBN 978-3-9504268-0-9, Format 21,5 x 30,5 cm \u2013 312 Seiten \u2013 20 Tafeln. \u20ac 58,00 Bestellen Sie bitte bei der \u00d6FN oder dem Institut. Inhalt Als Ergebnis jahrzehntelanger Vorarbeiten legen die beiden Autoren eine umfassende M\u00fcnzgeschichte des alt\u00e4thiopischen Reiches von Aksum vor, die auf &#8230; <a title=\"VIN 21\" class=\"read-more\" href=\"https:\/\/oefn-wien.eckhel.at\/?page_id=192\" aria-label=\"Mehr Informationen \u00fcber VIN 21\">Weiterlesen<\/a><\/p>\n","protected":false},"author":1,"featured_media":0,"parent":28,"menu_order":21,"comment_status":"closed","ping_status":"closed","template":"","meta":{"_uag_custom_page_level_css":"","footnotes":""},"class_list":["post-192","page","type-page","status-publish"],"uagb_featured_image_src":{"full":false,"thumbnail":false,"medium":false,"medium_large":false,"large":false,"1536x1536":false,"2048x2048":false},"uagb_author_info":{"display_name":"wszaivert","author_link":"https:\/\/oefn-wien.eckhel.at\/?author=1"},"uagb_comment_info":0,"uagb_excerpt":"WOLFGANG HAHN und ROBERT KECKM\u00fcnzgeschichte der Ak\u00dfumitenk\u00f6nige in der Sp\u00e4tantike.Wien 2020, ISBN 978-3-9504268-0-9, Format 21,5 x 30,5 cm \u2013 312 Seiten \u2013 20 Tafeln. \u20ac 58,00 Bestellen Sie bitte bei der \u00d6FN oder dem Institut. Inhalt Als Ergebnis jahrzehntelanger Vorarbeiten legen die beiden Autoren eine umfassende M\u00fcnzgeschichte des alt\u00e4thiopischen Reiches von Aksum vor, die auf&hellip;","_links":{"self":[{"href":"https:\/\/oefn-wien.eckhel.at\/index.php?rest_route=\/wp\/v2\/pages\/192","targetHints":{"allow":["GET"]}}],"collection":[{"href":"https:\/\/oefn-wien.eckhel.at\/index.php?rest_route=\/wp\/v2\/pages"}],"about":[{"href":"https:\/\/oefn-wien.eckhel.at\/index.php?rest_route=\/wp\/v2\/types\/page"}],"author":[{"embeddable":true,"href":"https:\/\/oefn-wien.eckhel.at\/index.php?rest_route=\/wp\/v2\/users\/1"}],"replies":[{"embeddable":true,"href":"https:\/\/oefn-wien.eckhel.at\/index.php?rest_route=%2Fwp%2Fv2%2Fcomments&post=192"}],"version-history":[{"count":4,"href":"https:\/\/oefn-wien.eckhel.at\/index.php?rest_route=\/wp\/v2\/pages\/192\/revisions"}],"predecessor-version":[{"id":337,"href":"https:\/\/oefn-wien.eckhel.at\/index.php?rest_route=\/wp\/v2\/pages\/192\/revisions\/337"}],"up":[{"embeddable":true,"href":"https:\/\/oefn-wien.eckhel.at\/index.php?rest_route=\/wp\/v2\/pages\/28"}],"wp:attachment":[{"href":"https:\/\/oefn-wien.eckhel.at\/index.php?rest_route=%2Fwp%2Fv2%2Fmedia&parent=192"}],"curies":[{"name":"wp","href":"https:\/\/api.w.org\/{rel}","templated":true}]}}