{"id":186,"date":"2025-02-14T11:16:56","date_gmt":"2025-02-14T10:16:56","guid":{"rendered":"https:\/\/oefn-wien.eckhel.at\/?page_id=186"},"modified":"2025-02-15T10:48:22","modified_gmt":"2025-02-15T09:48:22","slug":"vin-8_","status":"publish","type":"page","link":"https:\/\/oefn-wien.eckhel.at\/?page_id=186","title":{"rendered":"VIN 18"},"content":{"rendered":"\n<div class=\"wp-block-columns are-vertically-aligned-center is-layout-flex wp-container-core-columns-is-layout-9d6595d7 wp-block-columns-is-layout-flex\">\n<div class=\"wp-block-column is-layout-flow wp-block-column-is-layout-flow\">\n<p>STEFAN KARWIESE<br>Die M\u00fcnzpr\u00e4gung von Ephesos (MvE). 5. Corpus und Aufbau der r\u00f6merzeitlichen Stadtpr\u00e4gung. 2. Statistiken, Metrologie und Kommentare. Mit 6 Bestimmungstafeln. ISBN 978-3-9501987-7-5. <br>350 Seiten, zahlreiche Abbildungen. Ganzleinen, Fadenheftung. <br>EUR 48,\u2013<\/p>\n\n\n\n<p>Bestellen Sie bitte bei der <a href=\"mailto:oefn.numismatik@univie.ac.at\">\u00d6FN <\/a>oder dem <a href=\"mailto:numismatik@uniiive.ac.at\">Institut<\/a>.<\/p>\n\n\n\n<p>Im monographischen Rahmen der Vorlage und Kommentierung der M\u00fcnzpr\u00e4gung der antiken Metropole Ephesos (MvE) stellt das Institut f\u00fcr Numismatik und Geldgeschichte der Universit\u00e4t Wien nach den B\u00e4nden MvE 1 und MvE 5.1 (VIN 14) den Band MvE 5.2 vor:<\/p>\n\n\n\n<p>MvE 5.2 erg\u00e4nzt den Katalogband MvE 5.1 (2012)  und enth\u00e4lt umfassende Analysen zur Pr\u00e4gung der einzelnen Kaiser. Mittels genauer statistischer Aufschl\u00fcsselung wird die Stempelordnung (Identifizierung der vorhandenen Vorder- und R\u00fcckseitenstempel sowie ihrer Verschr\u00e4nkung) analysiert, es werden die metrologischen Gegebenheiten (neben der reinen Auflistung der Gewichte vor allem ihre Verbindung mit den verschiedenen Bildtypen, au\u00dferdem die Feststellung der Schr\u00f6tlingsgr\u00f6\u00dfen) und ein m\u00f6glichst vollst\u00e4ndiger Kommentarteil geboten. \u00dcber die Stempelanalyse ergeben sich im einfachen Diagramm rasch erfassbare relative Chronologien und damit die Entwicklung der Vorderseitenstempel sowie der R\u00fcckseitenstempel und deren Verschr\u00e4nkungen, was zu kulturhistorischen und historischen Schl\u00fcssen f\u00fchrt. Zum besseren Verst\u00e4ndnis insbesondere der fluktuierenden Bildtypen sind \u00dcberblicke nach diesem Schema auch f\u00fcr die einzelnen dynastischen Epochen eingeschoben.<\/p>\n\n\n\n<p>Im Bildanhang sind s\u00e4mtliche Vorder- und R\u00fcckseiten chronologisch bzw. enzyklop\u00e4disch vorgestellt, so dass neben der damit verbundenen Bestimmungshilfe die jeweiligen Besonderheiten auf einen Blick erkennbar werden. Im Teil \u201e\u00dcbersicht und Bildinventar der R\u00fcckseiten\u201c ist den einzelnen Typen eine Liste ihrer Verteilung beigegeben, gefolgt von weiteren zusammenfassenden Analysen.<\/p>\n\n\n\n<p>Breiter Raum ist der Aufschl\u00fcsselung der M\u00fcnzen mit Nennung des Kaiserkultes (Neokorien), den \u201eWanderstempeln\u201c (die auch in anderen St\u00e4dten anzutreffen sind) und den h\u00e4ufigen Gegenstempeln gewidmet. Die genaue Analyse der Gegenstempel f\u00fchrt zu dem eindeutigen Ergebnis, dass es sich dabei nicht um Korrekturen von Nominalien handelt, sondern um noch zu identifizierende Marken.<\/p>\n\n\n\n<p>Das Neue an MvE 5 ist einmal, dass hier auf einem umfangreichen Katalog eine ebenso umfangreiche Analyse aufgebaut ist, so dass ein bisher in dieser Form nicht m\u00f6gliches geschlossenes Bild entsteht und gleichzeitig die Grundlage f\u00fcr eine weitere Intensivierung der Forschung gegeben ist. Zum anderen ist so ein Beispiel gewonnen, dessen kulturhistorische Relevanz f\u00fcr die Pr\u00e4gest\u00e4tte nicht zu untersch\u00e4tzen ist.<\/p>\n<\/div>\n\n\n\n<div class=\"wp-block-column is-layout-flow wp-block-column-is-layout-flow\">\n<figure class=\"wp-block-image size-large\"><img fetchpriority=\"high\" decoding=\"async\" width=\"724\" height=\"1024\" src=\"https:\/\/oefn-wien.eckhel.at\/wp-content\/uploads\/2025\/02\/vin-18-724x1024.jpg\" alt=\"\" class=\"wp-image-264\" srcset=\"https:\/\/oefn-wien.eckhel.at\/wp-content\/uploads\/2025\/02\/vin-18-724x1024.jpg 724w, https:\/\/oefn-wien.eckhel.at\/wp-content\/uploads\/2025\/02\/vin-18-212x300.jpg 212w, https:\/\/oefn-wien.eckhel.at\/wp-content\/uploads\/2025\/02\/vin-18-768x1086.jpg 768w, https:\/\/oefn-wien.eckhel.at\/wp-content\/uploads\/2025\/02\/vin-18.jpg 847w\" sizes=\"(max-width: 724px) 100vw, 724px\" \/><\/figure>\n<\/div>\n<\/div>\n","protected":false},"excerpt":{"rendered":"<p>STEFAN KARWIESEDie M\u00fcnzpr\u00e4gung von Ephesos (MvE). 5. Corpus und Aufbau der r\u00f6merzeitlichen Stadtpr\u00e4gung. 2. Statistiken, Metrologie und Kommentare. Mit 6 Bestimmungstafeln. ISBN 978-3-9501987-7-5. 350 Seiten, zahlreiche Abbildungen. Ganzleinen, Fadenheftung. EUR 48,\u2013 Bestellen Sie bitte bei der \u00d6FN oder dem Institut. Im monographischen Rahmen der Vorlage und Kommentierung der M\u00fcnzpr\u00e4gung der antiken Metropole Ephesos (MvE) stellt &#8230; <a title=\"VIN 18\" class=\"read-more\" href=\"https:\/\/oefn-wien.eckhel.at\/?page_id=186\" aria-label=\"Mehr Informationen \u00fcber VIN 18\">Weiterlesen<\/a><\/p>\n","protected":false},"author":1,"featured_media":0,"parent":28,"menu_order":18,"comment_status":"closed","ping_status":"closed","template":"","meta":{"_uag_custom_page_level_css":"","footnotes":""},"class_list":["post-186","page","type-page","status-publish"],"uagb_featured_image_src":{"full":false,"thumbnail":false,"medium":false,"medium_large":false,"large":false,"1536x1536":false,"2048x2048":false},"uagb_author_info":{"display_name":"wszaivert","author_link":"https:\/\/oefn-wien.eckhel.at\/?author=1"},"uagb_comment_info":0,"uagb_excerpt":"STEFAN KARWIESEDie M\u00fcnzpr\u00e4gung von Ephesos (MvE). 5. Corpus und Aufbau der r\u00f6merzeitlichen Stadtpr\u00e4gung. 2. Statistiken, Metrologie und Kommentare. Mit 6 Bestimmungstafeln. ISBN 978-3-9501987-7-5. 350 Seiten, zahlreiche Abbildungen. Ganzleinen, Fadenheftung. EUR 48,\u2013 Bestellen Sie bitte bei der \u00d6FN oder dem Institut. Im monographischen Rahmen der Vorlage und Kommentierung der M\u00fcnzpr\u00e4gung der antiken Metropole Ephesos (MvE) stellt&hellip;","_links":{"self":[{"href":"https:\/\/oefn-wien.eckhel.at\/index.php?rest_route=\/wp\/v2\/pages\/186","targetHints":{"allow":["GET"]}}],"collection":[{"href":"https:\/\/oefn-wien.eckhel.at\/index.php?rest_route=\/wp\/v2\/pages"}],"about":[{"href":"https:\/\/oefn-wien.eckhel.at\/index.php?rest_route=\/wp\/v2\/types\/page"}],"author":[{"embeddable":true,"href":"https:\/\/oefn-wien.eckhel.at\/index.php?rest_route=\/wp\/v2\/users\/1"}],"replies":[{"embeddable":true,"href":"https:\/\/oefn-wien.eckhel.at\/index.php?rest_route=%2Fwp%2Fv2%2Fcomments&post=186"}],"version-history":[{"count":9,"href":"https:\/\/oefn-wien.eckhel.at\/index.php?rest_route=\/wp\/v2\/pages\/186\/revisions"}],"predecessor-version":[{"id":346,"href":"https:\/\/oefn-wien.eckhel.at\/index.php?rest_route=\/wp\/v2\/pages\/186\/revisions\/346"}],"up":[{"embeddable":true,"href":"https:\/\/oefn-wien.eckhel.at\/index.php?rest_route=\/wp\/v2\/pages\/28"}],"wp:attachment":[{"href":"https:\/\/oefn-wien.eckhel.at\/index.php?rest_route=%2Fwp%2Fv2%2Fmedia&parent=186"}],"curies":[{"name":"wp","href":"https:\/\/api.w.org\/{rel}","templated":true}]}}